1). Suppose -2*i + 10 + g = 0. Is i a multiple of 8?
False
Let t = -8 - -41. Is t a multiple of 11?
True
Is 19 a factor of (-4)/8*((2 - 5) + -71)?
False
Let a = -11 - -24. Does 13 divide a?
True
Suppose 2*d + 129 = s - 3*d, s - 84 = -4*d. Does 29 divide s?
False
Suppose 108 = 6*y - 12. Is y a multiple of 3?
False
Let j = -9 + 5. Let o(b) = b**2 + 3*b - 4. Let q be o(j). Suppose q = -4*m + 71 + 49. Is m a multiple of 15?
True
Let k(j) = -j**3 - 4*j**2 - 7*j + 2. Let a(l) = l**3 + 5*l**2 + 6*l - 2. Let f(n) = -6*a(n) - 5*k(n). Does 6 divide f(-10)?
True
Let z(k) = k**3 - 5*k**2 - 7*k - 3. Let d be z(6). Let j(v) = -v**3 - 10*v**2 - 12*v - 11. Let n be j(-9). Let m = n + d. Is 7 a factor of m?
True
Let g be 5/2*-8 + -2. Let y be (5/(-4))/(1/4). Let s = y - g. Is s a multiple of 17?
True
Suppose -5*g = -4*i - 7*g + 126, -3*g + 125 = 4*i. Does 10 divide i?
False
Let p = 9 - 5. Suppose -p*a + 27 + 1 = 0. Is a even?
False
Let c(t) = -t**3 + 5*t**2 + 2*t - 6. Let v be c(5). Suppose 0 = -v*y, 15 = 2*k + 3*y - 11. Suppose -5*f + 2 = -k. Is f a multiple of 2?
False
Is 6 a factor of (-1)/1 - (1 - 19)?
False
Let g be 8/(-36) + (-29)/(-9). Suppose -5*r = -g*w + 86, 0 = w + 3*r - 51 - 1. Is w a multiple of 17?
False
Let x(f) = 4*f**3 + 4*f**2 - f - 3. Is x(2) a multiple of 12?
False
Let b(c) = -25*c**3 + c**2. Let x be b(-1). Let w = x + 41. Is 19 a factor of w?
False
Let x = -4 - -6. Suppose x*i - 4*b - 11 = -3, 3 = b. Is i a multiple of 9?
False
Let m(p) be the second derivative of -p**5/20 - p**4/4 + p**3/6 + 3*p**2/2 + 3*p. Is 5 a factor of m(-4)?
True
Let t(o) = -3*o**3 - 2*o**2 - 2*o - 1. Let x be t(-1). Let y be (64 + x)/(6/4). Let j = y + -30. Is 14 a factor of j?
True
Suppose -10*t = -9*t - 19. Does 18 divide t?
False
Let p be 8/(-1*4) - -6. Let f = -56 - -106. Suppose -p*a = a - 2*v - f, -5*a - v = -35. Is a a multiple of 4?
True
Let g = -137 + 199. Is 20 a factor of g?
False
Let p be (2/(-3 + 4))/2. Does 9 divide 3*(0 - p) - -39?
True
Suppose -5*m + 5 = a, m + 3*a + 0 = 1. Let z(l) = 13*l**3 - 2*l**2 + 1. Does 12 divide z(m)?
True
Suppose 0*b + b = -10. Let n be (-1)/(-5) + (-38)/b. Suppose -n*w + 35 = -25. Is w a multiple of 12?
False
Is (3/(-3))/(3/(-63)) a multiple of 7?
True
Let t(x) = -19*x - 58. Is 19 a factor of t(-11)?
False
Let m(d) = d**3 + 3*d**2 - 4*d + 2. Let i(w) = w**3 - 6*w**2 + 4*w + 7. Let x = 11 - 6. Let b be i(x). Is 14 a factor of m(b)?
True
Let w be (-7568)/(-36) - (-6)/(-27). Let q = 306 - w. Is q a multiple of 24?
True
Suppose -2*r + r - 34 = 0. Let l = 58 + r. Is l a multiple of 12?
True
Suppose -4*q + x + 528 = -2*q, 0 = -q - 4*x + 264. Is 2/(-8) - q/(-32) a multiple of 3?
False
Suppose 192 = -i - 3*i. Let f = i + 80. Suppose 0 = -h - h + f. Does 8 divide h?
True
Let k = 0 - -1. Let p = 19 + k. Does 7 divide p?
False
Let o = -38 + 62. Is 24 a factor of o?
True
Let t(u) = 3*u**2 - 2*u + 3. Let b be t(2). Let d = 13 - b. Is d a multiple of 2?
True
Suppose 25 = 6*u - u. Suppose -75 + 280 = u*i - 2*b, 4*b + 176 = 4*i. Is 16 a factor of i?
False
Let t(y) = 5*y**2 - 2*y + 3. Let p(u) = -5 + u**2 + 8*u - u - u. Let v be p(-7). Is 8 a factor of t(v)?
False
Let v(q) = -4*q + 4. Is 4 a factor of v(-8)?
True
Let i = 95 + -37. Is 17 a factor of i?
False
Let c be (1 + 5)*1 + 0. Suppose c*l = 2*l + 80. Does 10 divide l?
True
Let k(u) = -u**3 + 2*u**2 + 4*u - 3. Let i be k(2). Suppose 0*z + 248 = 5*z - t, -2*z + 110 = i*t. Suppose -4*a + z = -14. Is a a multiple of 13?
False
Suppose 5*b + 4*y = 341, -b + y + 67 = 3*y. Is b a multiple of 20?
False
Let k(x) = 3*x**2 - 10*x + 8. Let g(f) = -f**2 + 5*f - 4. Let b(p) = 5*g(p) + 2*k(p). Let j be b(-6). Is 10 a factor of ((-18)/j)/((-12)/32)?
False
Let w(m) = m**2 - 7*m + 8. Let f be w(8). Let u be (-235)/(-4) - (-4)/f. Suppose -3*n + 2*v = -u, 0 = 3*n - 2*n + 2*v - 9. Does 16 divide n?
False
Suppose -4*t - 2*l = 0, 0 = -3*l - 5 - 7. Let g(u) = -u**2 + 0*u**t - 4 + 0*u**2 - 10*u. Is 5 a factor of g(-9)?
True
Suppose -3*c = -3*t + 116 + 91, 5*t + 3*c - 337 = 0. Does 17 divide t?
True
Let b(p) = -p. Let u be b(-2). Suppose u*n + 2*m = 100, -m + 300 = 5*n - 6*m. Does 20 divide n?
False
Let x be (-8)/(-12) - 82/6. Is 2 - (x/1 + -3) a multiple of 6?
True
Let v = -8 + 10. Suppose 0*g + v*g - 180 = 0. Suppose 0 = 2*l + l - g. Does 15 divide l?
True
Let y = 2 - 0. Is y*6 - 4/(-4) a multiple of 4?
False
Let s = -6 + 7. Suppose d + s = -4*f, f - 22 = -2*d - f. Is d a multiple of 15?
True
Let z = 4 + 0. Suppose m + 2*y + 2 = -1, 0 = -z*m - 4*y - 4. Let r = 9 + m. Is r a multiple of 10?
True
Suppose 163 = 4*m - 109. Is m a multiple of 17?
True
Let b(v) = v**2 - 5*v - 1. Let g be b(5). Let u = g - -11. Is 5 a factor of u?
True
Let s = 10 - 2. Suppose 2*y - 48 = s. Suppose 6*n - 2*n - y = 4*p, -19 = -2*n + 3*p. Is n a multiple of 2?
True
Let f be 11 - 1/1*2. Suppose -4*b - 25 = -f*b. Does 4 divide b?
False
Let v be ((-15)/(-9))/(3/9). Suppose -55 = -5*d + v. Does 12 divide d?
True
Let u(j) = -j**3 + 6*j**2 + 5*j - 2. Suppose 0 = -4*y + 16 - 4. Let n be u(y). Suppose -d - d = -n. Does 10 divide d?
True
Let u = 8 - 16. Let a = 19 + u. Is 11 a factor of a?
True
Suppose 40 = -5*j + x, -2*j = x + 7 + 2. Let o = 5 - j. Suppose -m = 5*d + o, m - 4*d = d + 38. Is 11 a factor of m?
False
Suppose 0 = h + 3*h - 16. Suppose -103 = -5*f - 2*x + 175, -h*x + 16 = 0. Does 20 divide f?
False
Let j = -22 + 18. Is 5 a factor of j + 28 + -3 + 0?
False
Let l(v) = 2 + 0*v**3 + 2*v - 10*v + 5*v**2 + v**3. Does 6 divide l(-6)?
False
Let w be (-22)/8 - (-2)/(-8). Let z = w + 8. Suppose -a + 15 = z*k, 2*k - 17 = 6*k - 5*a. Is 2 a factor of k?
True
Let t = 2 - -1. Suppose 5*p + 15 = 0, 0 = -t*r + p + 9 + 9. Suppose -51 = -3*f + 2*v, 0 = -0*f + r*f + v - 85. Is f a multiple of 8?
False
Let g = -9 + 4. Let v(i) = -4*i. Is 10 a factor of v(g)?
True
Suppose 0 = k + 3, -6*i - 5*k = -2*i - 53. Does 7 divide i?
False
Suppose 5*x = -2*o + 103, -o = 5*x - 0*o - 99. Let i(w) = 3*w - 24. Let s be i(9). Suppose g - x - 2 = -4*v, 0 = 3*g - s*v - 18. Is g a multiple of 3?
True
Suppose 4 = m + m. Let x be (-2)/(-4) + 1/m. Suppose -2*w + 52 = 4*a, -2*w - x + 71 = -2*a. Does 10 divide w?
False
Let g = -69 - -93. Does 2 divide g?
True
Let z be 909/81 + (-2)/9. Let d be (-2370)/(-33) - (-2)/z. Suppose -3*s = -d - 12. Does 14 divide s?
True
Is 28 a factor of (2/4)/(3 + (-3435)/1146)?
False
Let a(k) = -k**2 + 20*k - 33. Does 21 divide a(15)?
True
Suppose m = -g - 0*m - 3, 0 = -5*g - 2*m. Let i be ((-9)/2)/(g/(-4)). Is 6 a factor of 0 + i - (0 - -3)?
True
Suppose 0 = -2*a + 16 + 38. Is 27 a factor of a?
True
Let t be 2 + -4 + (-4)/(-1). Let j(i) = 3 + t - i**2 + 0 + 9*i. Is j(7) a multiple of 19?
True
Suppose -35 - 127 = -3*z. Does 27 divide z?
True
Let y(s) = -s**2 - 6*s - 4. Let h be y(-4). Suppose 0 = h*i + 5*c + 11, -c + 4 = -1. Let u(f) = -f**2 - 11*f + 6. Does 8 divide u(i)?
True
Let w be -3*-3*13/(-3). Let u = w + 113. Is u a multiple of 21?
False
Let n(x) be the third derivative of -3*x**4/4 - 11*x**2. Suppose 0 = -4*c + 16, -2*c + 2 = 4*d - d. Is n(d) a multiple of 10?
False
Suppose -9 = 5*n + 3*g - 76, 5*g - 20 = 0. Suppose n = z + 2*j, -1 + 20 = 5*z + j. Is z a multiple of 3?
True
Let j(t) = -5*t - 4. Let m = -8 + 4. Is 8 a factor of j(m)?
True
Let h = 17 - 30. Is 2/h - 106/(-13) a multiple of 3?
False
Let w be 10 + -1 + (-4)/2. Suppose w*v - 48 = 3*v. Is 10 a factor of v?
False
Let f = -8 + 20. Does 12 divide f?
True
Let v(n) = n**3 + 4*n**2 - 2*n + 4. Is 8 a factor of v(-4)?
False
Let h(y) = y**3 + 2*y**2 - 7*y - 9. Let f be h(-4). Does 11 divide f*(-1 + (0 - 3))?
False
Let c(k) = -4*k + 4. Let y(n) = n**3 + n**2 + 3*n + 3. Let w be y(-2). Is 18 a factor of c(w)?
False
Let s(l) = -35*l**3 - 5*l**2 - 6*l - 3. Is 18 a factor of s(-2)?
False
Let m(u) = u**3 - 7*u**2 + 9*u. Let b be m(6). Suppose 0*t = 3*t - b. Does 3 divide t?
True
Let d(z) = z**3 - 4*z**2. Let r be d(4). Suppose -q - q + 10 = r. Suppose 0 = -3*w - 5*h - 2 - 8, -2*w + q*h = -35. Does 5 divide w?
True
Does 11 divide (6/3 - -159) + (-4 - -8)?
True
Suppose -3 = -2*y - 7, 37 = 3*t - 2*y. Is t even?
False
Let h(w) = -2 + 7 + 9*w - 3. Does 9 divide h(3)?
False
Suppose -4*n + 103 + 9 = 0. Let p = 41 - n. Suppose 5*g - p = -m + 20, 4*m - 102 = -5*g. Is 8 a factor of m?
False
Suppos